{"id":14716,"date":"2026-04-13T16:09:40","date_gmt":"2026-04-13T13:09:40","guid":{"rendered":"https:\/\/lenzetr.com\/?post_type=product&#038;p=14716"},"modified":"2026-04-13T16:11:25","modified_gmt":"2026-04-13T13:11:25","slug":"lenze-invertor-8400-stateline-230v-037-kw","status":"publish","type":"product","link":"https:\/\/lenzetr.com\/?product=lenze-invertor-8400-stateline-230v-037-kw","title":{"rendered":"Lenze invert\u00f6r 8400 StateLine 230V 0,37 kW"},"content":{"rendered":"<div class=\"wpb-content-wrapper\"><p>[vc_row][vc_column][vc_column_text css=&#8221;&#8221;]<\/p>\n<h2><span dir=\"auto\">E84AVSCE3712SX0 Lenze \u0130nvert\u00f6r 8400 StateLine 0,37 kW<\/span><\/h2>\n<p><span dir=\"auto\">8400 StateLine, konvey\u00f6r teknolojisi\/intralojistik uygulamalar\u0131, plastik end\u00fcstrisindeki s\u00fcr\u00fcc\u00fcler, dolum sistemleri ve paketleme hatlar\u0131 i\u00e7in idealdir.<\/span><br \/>\n<span dir=\"auto\">Tan\u0131lama ve parametreleme i\u00e7in d\u00fcz metin ekranl\u0131 bir X400 tu\u015f tak\u0131m\u0131 kullan\u0131l\u0131r (aksesuarlara bak\u0131n\u0131z).<\/span><br \/>\n<span dir=\"auto\">HTL art\u0131ml\u0131 enkoderler i\u00e7in giri\u015fler, bu evrensel olarak uygulanabilir invert\u00f6r\u00fcn \u00f6zelliklerini tamamlar.<\/span><\/p>\n<h2><span dir=\"auto\">Temel i\u015flevler:<\/span><\/h2>\n<ul>\n<li><span dir=\"auto\">DC frenleme fonksiyonu<\/span><\/li>\n<li><span dir=\"auto\">Yakalama devresi, PID kontrolc\u00fcs\u00fc<\/span><\/li>\n<li><span dir=\"auto\">Sens\u00f6rs\u00fcz vekt\u00f6r kontrol\u00fc<\/span><\/li>\n<li><span dir=\"auto\">Enerji tasarrufu fonksiyonu \u201cVFC eco\u201d<\/span><\/li>\n<li><span dir=\"auto\">Sens\u00f6rs\u00fcz senkron motor kontrol\u00fc (SLPSM)<\/span><\/li>\n<li><span dir=\"auto\">D\u00fc\u015f\u00fck a\u015f\u0131nmal\u0131 fren kontrol\u00fc i\u00e7in fren y\u00f6netimi<\/span><\/li>\n<li><span dir=\"auto\">Mant\u0131ksal fonksiyonlar, kar\u015f\u0131la\u015ft\u0131r\u0131c\u0131, say\u0131c\u0131, aritmetik fonksiyon<\/span><\/li>\n<li><span dir=\"auto\">Fren direnci olmadan frenleme<\/span><\/li>\n<li><span dir=\"auto\">D\u00fc\u015f\u00fck a\u015f\u0131nmal\u0131 fren kontrol\u00fc i\u00e7in fren y\u00f6netimi<\/span><\/li>\n<li><span dir=\"auto\">Yumu\u015fak h\u0131zlanma i\u00e7in S-e\u011fimleri<\/span><\/li>\n<\/ul>\n<p>&nbsp;<\/p>\n<h2><span dir=\"auto\">Giri\u015fler\/\u00c7\u0131k\u0131\u015flar:<\/span><\/h2>\n<ul>\n<li><span dir=\"auto\">1 adet analog giri\u015f, se\u00e7ilebilir voltaj aral\u0131klar\u0131: 0..10V, -10V..+10V, 0..20mA, 4..20mA<\/span><\/li>\n<li><span dir=\"auto\">1 analog \u00e7\u0131k\u0131\u015f 0..10V<\/span><\/li>\n<li><span dir=\"auto\">4 dijital giri\u015f ve 1 etkinle\u015ftirme, PLC seviyesi<\/span><\/li>\n<li><span dir=\"auto\">PLC seviyesinde 1 dijital \u00e7\u0131k\u0131\u015f<\/span><\/li>\n<li><span dir=\"auto\">De\u011fi\u015ftirme kontakl\u0131 1 r\u00f6le \u00e7\u0131k\u0131\u015f\u0131<\/span><\/li>\n<li><span dir=\"auto\">Kodlay\u0131c\u0131 giri\u015fi, 2 kanal, HTL seviyesi, maks. 10kHz<\/span><\/li>\n<li><span dir=\"auto\">\u00d6nerilen aksesuarlar:<\/span><\/li>\n<li><span dir=\"auto\">8400 kontrol \u00fcnitesi veya EWL0071 kablosuyla birlikte E94ZCUS te\u015f\u062e\u064a\u0635 adapt\u00f6r\u00fc<\/span><\/li>\n<\/ul>\n<p>&nbsp;<\/p>\n<h2><span dir=\"auto\">Teknik veriler:<\/span><\/h2>\n<ul>\n<li><span dir=\"auto\">\u00dcretici: Lenze<\/span><\/li>\n<li><span dir=\"auto\">Tip: E84AVSCE3712SX0<\/span><\/li>\n<li><span dir=\"auto\">Nominal g\u00fc\u00e7: 0,37 [kW] \/ 0,5 [HP]<\/span><\/li>\n<li><span dir=\"auto\">Nominal \u00e7\u0131k\u0131\u015f ak\u0131m\u0131: 1\/N\/PE 230 [VAC] 50 [Hz]<\/span><\/li>\n<li><span dir=\"auto\">Nominal \u00e7\u0131k\u0131\u015f ak\u0131m\u0131: 2,4 [A]<\/span><\/li>\n<li><span dir=\"auto\">\u00c7\u0131k\u0131\u015f frekans\u0131: 0-599 [Hz]<\/span><\/li>\n<li><span dir=\"auto\">Montaj yeri: Kontrol panosu<\/span><\/li>\n<li><span dir=\"auto\">Tasar\u0131m: Dahili<\/span><\/li>\n<li><span dir=\"auto\">Koruma derecesi: IP20<\/span><\/li>\n<li><span dir=\"auto\">\u00d6l\u00e7\u00fcler: Y165 x G70 x D199 [mm]<\/span><\/li>\n<li><span dir=\"auto\">A\u011f\u0131rl\u0131k: 1,5 [kg]<\/span><\/li>\n<\/ul>\n<p>[\/vc_column_text][\/vc_column][\/vc_row]<\/p>\n<\/div>","protected":false},"excerpt":{"rendered":"<p>[vc_row][vc_column][vc_column_text css=&#8221;&#8221;] E84AVSCE3712SX0 Lenze \u0130nvert\u00f6r 8400 StateLine 0,37 kW 8400 StateLine, konvey\u00f6r teknolojisi\/intralojistik uygulamalar\u0131, plastik end\u00fcstrisindeki s\u00fcr\u00fcc\u00fcler, dolum sistemleri ve paketleme hatlar\u0131 i\u00e7in idealdir. Tan\u0131lama ve parametreleme i\u00e7in d\u00fcz metin ekranl\u0131 bir X400 tu\u015f tak\u0131m\u0131 kullan\u0131l\u0131r (aksesuarlara bak\u0131n\u0131z). HTL art\u0131ml\u0131 enkoderler i\u00e7in giri\u015fler, bu evrensel olarak uygulanabilir invert\u00f6r\u00fcn \u00f6zelliklerini tamamlar. Temel i\u015flevler: DC frenleme fonksiyonu [&hellip;]<\/p>\n","protected":false},"featured_media":14717,"template":"","meta":[],"product_brand":[253],"product_cat":[205],"product_tag":[],"class_list":{"0":"post-14716","1":"product","2":"type-product","3":"status-publish","4":"has-post-thumbnail","6":"product_brand-lenze","7":"product_cat-8400-stateline-230vac","9":"first","10":"instock","11":"shipping-taxable","12":"purchasable","13":"product-type-simple"},"_links":{"self":[{"href":"https:\/\/lenzetr.com\/index.php?rest_route=\/wp\/v2\/product\/14716","targetHints":{"allow":["GET"]}}],"collection":[{"href":"https:\/\/lenzetr.com\/index.php?rest_route=\/wp\/v2\/product"}],"about":[{"href":"https:\/\/lenzetr.com\/index.php?rest_route=\/wp\/v2\/types\/product"}],"wp:featuredmedia":[{"embeddable":true,"href":"https:\/\/lenzetr.com\/index.php?rest_route=\/wp\/v2\/media\/14717"}],"wp:attachment":[{"href":"https:\/\/lenzetr.com\/index.php?rest_route=%2Fwp%2Fv2%2Fmedia&parent=14716"}],"wp:term":[{"taxonomy":"product_brand","embeddable":true,"href":"https:\/\/lenzetr.com\/index.php?rest_route=%2Fwp%2Fv2%2Fproduct_brand&post=14716"},{"taxonomy":"product_cat","embeddable":true,"href":"https:\/\/lenzetr.com\/index.php?rest_route=%2Fwp%2Fv2%2Fproduct_cat&post=14716"},{"taxonomy":"product_tag","embeddable":true,"href":"https:\/\/lenzetr.com\/index.php?rest_route=%2Fwp%2Fv2%2Fproduct_tag&post=14716"}],"curies":[{"name":"wp","href":"https:\/\/api.w.org\/{rel}","templated":true}]}}