{"id":14574,"date":"2026-04-05T22:31:58","date_gmt":"2026-04-05T19:31:58","guid":{"rendered":"http:\/\/localhost\/sps-otomasyon\/?post_type=product&#038;p=14574"},"modified":"2026-04-05T22:31:58","modified_gmt":"2026-04-05T19:31:58","slug":"bfk458-18-rotor-alg-wr","status":"publish","type":"product","link":"https:\/\/lenzetr.com\/?product=bfk458-18-rotor-alg-wr","title":{"rendered":"BFK458-18 Rotor ALG WR"},"content":{"rendered":"<div class=\"wpb-content-wrapper\"><p>[vc_row][vc_column][vc_column_text css=&#8221;&#8221;]<\/p>\n<h2><span dir=\"auto\">Yayl\u0131 fren sistemi i\u00e7in rotor Intorq BFK458-18 ALG WR D\u00fc\u015f\u00fck a\u015f\u0131nma ve g\u00fcr\u00fclt\u00fc azaltma \u00f6zellikli<\/span><\/h2>\n<p><span dir=\"auto\">INTORQ BFK458 freni, her iki taraf\u0131nda s\u00fcrt\u00fcnme balatalar\u0131 bulunan d\u00f6nen bir fren diskine (rotor) sahip, elektrikle serbest b\u0131rak\u0131labilen yayl\u0131 bir fren sistemidir.<\/span><br \/>\n<span dir=\"auto\">Enerjisiz durumda, rotor, bas\u0131n\u00e7 yaylar\u0131 taraf\u0131ndan \u00fcretilen normal bir fren kuvvetiyle armat\u00fcr plakas\u0131 ile kar\u015f\u0131 s\u00fcrt\u00fcnme y\u00fczeyi aras\u0131nda gerilir.\u00a0<\/span><br \/>\n<span dir=\"auto\">Plastik bir k\u0131l\u0131f, rotor ve g\u00f6bek aras\u0131ndaki g\u00fcr\u00fclt\u00fcy\u00fc azalt\u0131r (invert\u00f6rl\u00fc \u00e7al\u0131\u015fma i\u00e7in \u00f6nerilir).<\/span><br \/>\n<span dir=\"auto\">Bu, burulma bo\u015flu\u011funu azalt\u0131r ve frenin kullan\u0131m \u00f6mr\u00fcn\u00fc uzat\u0131r. \u0130nvert\u00f6rl\u00fc bir motorda kullan\u0131m i\u00e7in \u00f6nerilir.<\/span><\/p>\n<h2><span dir=\"auto\">Teknik veriler:<\/span><\/h2>\n<ul>\n<li><span dir=\"auto\">\u00dcretici: Kendrion Intorq<\/span><\/li>\n<li><span dir=\"auto\">Tip: INTORQ BFK458<\/span><\/li>\n<li><span dir=\"auto\">Beden: 18<\/span><\/li>\n<li><span dir=\"auto\">Malzeme: Al\u00fcminyum<\/span><\/li>\n<li><span dir=\"auto\">Versiyon: A\u015f\u0131nmay\u0131 azaltan ve g\u00fcr\u00fclt\u00fcy\u00fc d\u00fc\u015f\u00fcren<\/span><\/li>\n<li><span dir=\"auto\">\u00dcretici Kimlik Numaras\u0131: 00426428<\/span><\/li>\n<li><span dir=\"auto\">A\u011f\u0131rl\u0131k: 0,6 kg<\/span><\/li>\n<\/ul>\n<p>[\/vc_column_text][\/vc_column][\/vc_row]<\/p>\n<\/div>","protected":false},"excerpt":{"rendered":"<p>[vc_row][vc_column][vc_column_text css=&#8221;&#8221;] Yayl\u0131 fren sistemi i\u00e7in rotor Intorq BFK458-18 ALG WR D\u00fc\u015f\u00fck a\u015f\u0131nma ve g\u00fcr\u00fclt\u00fc azaltma \u00f6zellikli INTORQ BFK458 freni, her iki taraf\u0131nda s\u00fcrt\u00fcnme balatalar\u0131 bulunan d\u00f6nen bir fren diskine (rotor) sahip, elektrikle serbest b\u0131rak\u0131labilen yayl\u0131 bir fren sistemidir. Enerjisiz durumda, rotor, bas\u0131n\u00e7 yaylar\u0131 taraf\u0131ndan \u00fcretilen normal bir fren kuvvetiyle armat\u00fcr plakas\u0131 ile kar\u015f\u0131 s\u00fcrt\u00fcnme [&hellip;]<\/p>\n","protected":false},"featured_media":14407,"template":"","meta":[],"product_brand":[254],"product_cat":[265],"product_tag":[],"class_list":{"0":"post-14574","1":"product","2":"type-product","3":"status-publish","4":"has-post-thumbnail","6":"product_brand-kendiron-intorrq","7":"product_cat-bfk458-18","9":"first","10":"instock","11":"shipping-taxable","12":"purchasable","13":"product-type-simple"},"_links":{"self":[{"href":"https:\/\/lenzetr.com\/index.php?rest_route=\/wp\/v2\/product\/14574","targetHints":{"allow":["GET"]}}],"collection":[{"href":"https:\/\/lenzetr.com\/index.php?rest_route=\/wp\/v2\/product"}],"about":[{"href":"https:\/\/lenzetr.com\/index.php?rest_route=\/wp\/v2\/types\/product"}],"wp:featuredmedia":[{"embeddable":true,"href":"https:\/\/lenzetr.com\/index.php?rest_route=\/wp\/v2\/media\/14407"}],"wp:attachment":[{"href":"https:\/\/lenzetr.com\/index.php?rest_route=%2Fwp%2Fv2%2Fmedia&parent=14574"}],"wp:term":[{"taxonomy":"product_brand","embeddable":true,"href":"https:\/\/lenzetr.com\/index.php?rest_route=%2Fwp%2Fv2%2Fproduct_brand&post=14574"},{"taxonomy":"product_cat","embeddable":true,"href":"https:\/\/lenzetr.com\/index.php?rest_route=%2Fwp%2Fv2%2Fproduct_cat&post=14574"},{"taxonomy":"product_tag","embeddable":true,"href":"https:\/\/lenzetr.com\/index.php?rest_route=%2Fwp%2Fv2%2Fproduct_tag&post=14574"}],"curies":[{"name":"wp","href":"https:\/\/api.w.org\/{rel}","templated":true}]}}