{"id":14524,"date":"2026-04-05T20:13:53","date_gmt":"2026-04-05T17:13:53","guid":{"rendered":"http:\/\/localhost\/sps-otomasyon\/?post_type=product&#038;p=14524"},"modified":"2026-04-05T20:14:23","modified_gmt":"2026-04-05T17:14:23","slug":"bfk458-14-rotor-al-wr","status":"publish","type":"product","link":"https:\/\/lenzetr.com\/?product=bfk458-14-rotor-al-wr","title":{"rendered":"BFK458-14 Rotor AL WR"},"content":{"rendered":"<div class=\"wpb-content-wrapper\"><p>[vc_row][vc_column][vc_column_text css=&#8221;&#8221;]<\/p>\n<h2><span dir=\"auto\">Yayl\u0131 fren sistemi i\u00e7in rotor Intorq BFK458-14 AL WR a\u015f\u0131nma azalt\u0131lm\u0131\u015f<\/span><\/h2>\n<p><span dir=\"auto\">INTORQ BFK458 freni, her iki taraf\u0131nda s\u00fcrt\u00fcnme balatalar\u0131 bulunan d\u00f6nen bir fren diskine (rotor) sahip, elektrikle serbest b\u0131rak\u0131labilen yayl\u0131 bir fren sistemidir.<\/span><br \/>\n<span dir=\"auto\">Enerjisiz durumda, rotor, bas\u0131n\u00e7 yaylar\u0131 taraf\u0131ndan \u00fcretilen normal bir fren kuvvetiyle armat\u00fcr plakas\u0131 ile kar\u015f\u0131 s\u00fcrt\u00fcnme y\u00fczeyi aras\u0131nda gerilir.\u00a0<\/span><br \/>\n<span dir=\"auto\">D\u00fc\u015f\u00fck a\u015f\u0131nma \u00f6zelli\u011fine sahip rotor, daha sert bir fren balatas\u0131na sahiptir ve bu nedenle de\u011fi\u015ftirilmesi gerekmeden \u00f6nce daha fazla s\u00fcrt\u00fcnme i\u015fi yapabilir.<\/span><\/p>\n<h2><span dir=\"auto\">Teknik veriler:<\/span><\/h2>\n<ul>\n<li><span dir=\"auto\">\u00dcretici: Intorq\/Kendrio<\/span><\/li>\n<li><span dir=\"auto\">Tip: INTORQ BFK458<\/span><\/li>\n<li><span dir=\"auto\">Beden: 14<\/span><\/li>\n<li><span dir=\"auto\">Malzeme: Al\u00fcminyum<\/span><\/li>\n<li><span dir=\"auto\">Versiyon: D\u00fc\u015f\u00fck a\u015f\u0131nma<\/span><\/li>\n<li><span dir=\"auto\">\u00dcreticinin kimlik numaras\u0131: 00423193<\/span><\/li>\n<li><span dir=\"auto\">A\u011f\u0131rl\u0131k: 0,3 kg<\/span><\/li>\n<\/ul>\n<p>[\/vc_column_text][\/vc_column][\/vc_row]<\/p>\n<\/div>","protected":false},"excerpt":{"rendered":"<p>[vc_row][vc_column][vc_column_text css=&#8221;&#8221;] Yayl\u0131 fren sistemi i\u00e7in rotor Intorq BFK458-14 AL WR a\u015f\u0131nma azalt\u0131lm\u0131\u015f INTORQ BFK458 freni, her iki taraf\u0131nda s\u00fcrt\u00fcnme balatalar\u0131 bulunan d\u00f6nen bir fren diskine (rotor) sahip, elektrikle serbest b\u0131rak\u0131labilen yayl\u0131 bir fren sistemidir. Enerjisiz durumda, rotor, bas\u0131n\u00e7 yaylar\u0131 taraf\u0131ndan \u00fcretilen normal bir fren kuvvetiyle armat\u00fcr plakas\u0131 ile kar\u015f\u0131 s\u00fcrt\u00fcnme y\u00fczeyi aras\u0131nda gerilir.\u00a0 D\u00fc\u015f\u00fck [&hellip;]<\/p>\n","protected":false},"featured_media":14404,"template":"","meta":[],"product_brand":[254],"product_cat":[263],"product_tag":[],"class_list":{"0":"post-14524","1":"product","2":"type-product","3":"status-publish","4":"has-post-thumbnail","6":"product_brand-kendiron-intorrq","7":"product_cat-bfk458-14","9":"first","10":"instock","11":"shipping-taxable","12":"purchasable","13":"product-type-simple"},"_links":{"self":[{"href":"https:\/\/lenzetr.com\/index.php?rest_route=\/wp\/v2\/product\/14524","targetHints":{"allow":["GET"]}}],"collection":[{"href":"https:\/\/lenzetr.com\/index.php?rest_route=\/wp\/v2\/product"}],"about":[{"href":"https:\/\/lenzetr.com\/index.php?rest_route=\/wp\/v2\/types\/product"}],"wp:featuredmedia":[{"embeddable":true,"href":"https:\/\/lenzetr.com\/index.php?rest_route=\/wp\/v2\/media\/14404"}],"wp:attachment":[{"href":"https:\/\/lenzetr.com\/index.php?rest_route=%2Fwp%2Fv2%2Fmedia&parent=14524"}],"wp:term":[{"taxonomy":"product_brand","embeddable":true,"href":"https:\/\/lenzetr.com\/index.php?rest_route=%2Fwp%2Fv2%2Fproduct_brand&post=14524"},{"taxonomy":"product_cat","embeddable":true,"href":"https:\/\/lenzetr.com\/index.php?rest_route=%2Fwp%2Fv2%2Fproduct_cat&post=14524"},{"taxonomy":"product_tag","embeddable":true,"href":"https:\/\/lenzetr.com\/index.php?rest_route=%2Fwp%2Fv2%2Fproduct_tag&post=14524"}],"curies":[{"name":"wp","href":"https:\/\/api.w.org\/{rel}","templated":true}]}}